{"id":24,"date":"2025-09-01T07:42:46","date_gmt":"2025-09-01T05:42:46","guid":{"rendered":"https:\/\/wordpress.stefanseifert.net\/?page_id=24"},"modified":"2025-09-02T09:26:29","modified_gmt":"2025-09-02T07:26:29","slug":"startseite","status":"publish","type":"page","link":"https:\/\/www.stefanseifert.net\/","title":{"rendered":"Startseite"},"content":{"rendered":"\n<div class=\"wp-block-group alignfull\" style=\"padding-top:var(--wp--preset--spacing--30);padding-right:var(--wp--preset--spacing--30);padding-bottom:var(--wp--preset--spacing--30);padding-left:var(--wp--preset--spacing--30)\"><div class=\"wp-block-group__inner-container is-layout-constrained wp-container-core-group-is-layout-97875daf wp-block-group-is-layout-constrained\"><\/div><\/div>\n\n\n\n<p><strong>Ihr Partner f\u00fcr effiziente Geb\u00e4udetechnik und nachhaltige Energieberatung<\/strong><\/p>\n\n\n\n<p>Wir planen, beraten und optimieren technische L\u00f6sungen f\u00fcr Geb\u00e4ude jeder Gr\u00f6\u00dfe. Unser Ziel: Energieeffizienz steigern, Betriebskosten senken und den Komfort f\u00fcr Nutzerinnen und Nutzer verbessern \u2013 heute und in Zukunft.<\/p>\n\n\n\n<p><\/p>\n\n\n\n<h2 class=\"wp-block-heading\">Unsere Leistungen<\/h2>\n\n\n\n<h3 class=\"wp-block-heading\">Geb\u00e4udetechnik<\/h3>\n\n\n\n<ul class=\"wp-block-list\">\n<li><strong>Heizung, L\u00fcftung, Klima &amp; Sanit\u00e4r (HLKS):<\/strong> Planung, Dimensionierung und Modernisierung<\/li>\n\n\n\n<li><strong>Regenwassermanagement:<\/strong> Schutz vor \u00dcberflutung und \u00fcberlasteten Kanalsystemen<\/li>\n\n\n\n<li><strong>Geb\u00e4udeautomation:<\/strong> Intelligente Steuerungen f\u00fcr optimale Effizienz und Komfort<\/li>\n<\/ul>\n\n\n\n<h3 class=\"wp-block-heading\">Energieberatung<\/h3>\n\n\n\n<ul class=\"wp-block-list\">\n<li><strong>Energetische Geb\u00e4udeanalysen:<\/strong> Aufnahme und Bewertung bestehender Anlagen<\/li>\n\n\n\n<li><strong>Sanierungskonzepte:<\/strong> Wirtschaftliche Ma\u00dfnahmen f\u00fcr mehr Energieeffizienz<\/li>\n\n\n\n<li><strong>Nachweise &amp; Zertifikate:<\/strong> Unterst\u00fctzung bei F\u00f6rderprogrammen, Energieausweisen und Nachhaltigkeitszertifizierungen<\/li>\n<\/ul>\n\n\n\n<h3 class=\"wp-block-heading\">Nachhaltigkeit &amp; Zukunft<\/h3>\n\n\n\n<ul class=\"wp-block-list\">\n<li><strong>Smart Building:<\/strong> Digitalisierung und Vernetzung von Geb\u00e4udetechnik<\/li>\n\n\n\n<li><strong>Erneuerbare Energien:<\/strong> Integration von Photovoltaik, W\u00e4rmepumpen und Speicherl\u00f6sungen<\/li>\n\n\n\n<li><strong>Nachhaltige Konzepte:<\/strong> CO\u2082-Reduktion und langfristige Betriebskostensenkung<\/li>\n<\/ul>\n\n\n\n<h3 class=\"wp-block-heading\">Radonschutz<\/h3>\n\n\n\n<ul class=\"wp-block-list\">\n<li><strong>Messung:<\/strong> Erfassen und Bewerten der vorhandenen Radonbelastung<\/li>\n\n\n\n<li><strong>Sanierung:<\/strong> Erstellung individueller L\u00f6sungen f\u00fcr Ihr Geb\u00e4ude<\/li>\n<\/ul>\n\n\n\n<hr class=\"wp-block-separator has-alpha-channel-opacity\"\/>\n\n\n\n<p>.<\/p>\n\n\n\n<p>.<\/p>\n\n\n\n<details class=\"wp-block-details is-layout-flow wp-block-details-is-layout-flow\"><summary>Kontakt<\/summary>\n<div class=\"wp-block-group\"><div class=\"wp-block-group__inner-container is-layout-constrained wp-block-group-is-layout-constrained\">\n<p>Dipl.-Ing. Stefan Seifert<\/p>\n\n\n\n<p>Fliederweg 16c<\/p>\n\n\n\n<p>09496 Marienberg<\/p>\n\n\n\n<p>Telefon: 0160 97574297<\/p>\n\n\n\n<p>E-Mail: post@stefanseifert.net<\/p>\n\n\n\n<p><\/p>\n\n\n\n<p><\/p>\n\n\n\n<p><\/p>\n<\/div><\/div>\n<\/details>\n\n\n\n<p><\/p>\n\n\n\n<p><\/p>\n\n\n<nav class=\"is-responsive wp-block-navigation is-layout-flex wp-block-navigation-is-layout-flex\" aria-label=\"Navigation\" \n\t\t data-wp-interactive=\"core\/navigation\" data-wp-context='{\"overlayOpenedBy\":{\"click\":false,\"hover\":false,\"focus\":false},\"type\":\"overlay\",\"roleAttribute\":\"\",\"ariaLabel\":\"Men\\u00fc\"}'><button aria-haspopup=\"dialog\" aria-label=\"Men\u00fc \u00f6ffnen\" class=\"wp-block-navigation__responsive-container-open\" \n\t\t\t\tdata-wp-on--click=\"actions.openMenuOnClick\"\n\t\t\t\tdata-wp-on--keydown=\"actions.handleMenuKeydown\"\n\t\t\t><svg width=\"24\" height=\"24\" xmlns=\"http:\/\/www.w3.org\/2000\/svg\" viewBox=\"0 0 24 24\" aria-hidden=\"true\" focusable=\"false\"><path d=\"M4 7.5h16v1.5H4z\"><\/path><path d=\"M4 15h16v1.5H4z\"><\/path><\/svg><\/button>\n\t\t\t\t<div class=\"wp-block-navigation__responsive-container\"  id=\"modal-1\" \n\t\t\t\tdata-wp-class--has-modal-open=\"state.isMenuOpen\"\n\t\t\t\tdata-wp-class--is-menu-open=\"state.isMenuOpen\"\n\t\t\t\tdata-wp-watch=\"callbacks.initMenu\"\n\t\t\t\tdata-wp-on--keydown=\"actions.handleMenuKeydown\"\n\t\t\t\tdata-wp-on--focusout=\"actions.handleMenuFocusout\"\n\t\t\t\ttabindex=\"-1\"\n\t\t\t>\n\t\t\t\t\t<div class=\"wp-block-navigation__responsive-close\" tabindex=\"-1\">\n\t\t\t\t\t\t<div class=\"wp-block-navigation__responsive-dialog\" \n\t\t\t\tdata-wp-bind--aria-modal=\"state.ariaModal\"\n\t\t\t\tdata-wp-bind--aria-label=\"state.ariaLabel\"\n\t\t\t\tdata-wp-bind--role=\"state.roleAttribute\"\n\t\t\t>\n\t\t\t\t\t\t\t<button aria-label=\"Men\u00fc schlie\u00dfen\" class=\"wp-block-navigation__responsive-container-close\" \n\t\t\t\tdata-wp-on--click=\"actions.closeMenuOnClick\"\n\t\t\t><svg xmlns=\"http:\/\/www.w3.org\/2000\/svg\" viewBox=\"0 0 24 24\" width=\"24\" height=\"24\" aria-hidden=\"true\" focusable=\"false\"><path d=\"m13.06 12 6.47-6.47-1.06-1.06L12 10.94 5.53 4.47 4.47 5.53 10.94 12l-6.47 6.47 1.06 1.06L12 13.06l6.47 6.47 1.06-1.06L13.06 12Z\"><\/path><\/svg><\/button>\n\t\t\t\t\t\t\t<div class=\"wp-block-navigation__responsive-container-content\" \n\t\t\t\tdata-wp-watch=\"callbacks.focusFirstElement\"\n\t\t\t id=\"modal-1-content\">\n\t\t\t\t\t\t\t\t<ul class=\"wp-block-navigation__container is-responsive wp-block-navigation\"><ul class=\"wp-block-page-list\"><li class=\"wp-block-pages-list__item wp-block-navigation-item open-on-hover-click\"><a class=\"wp-block-pages-list__item__link wp-block-navigation-item__content\" href=\"https:\/\/www.stefanseifert.net\/?page_id=2\">Beispiel-Seite<\/a><\/li><li class=\"wp-block-pages-list__item wp-block-navigation-item open-on-hover-click\"><a class=\"wp-block-pages-list__item__link wp-block-navigation-item__content\" href=\"https:\/\/www.stefanseifert.net\/?page_id=3\">Datenschutzerkl\u00e4rung<\/a><\/li><li class=\"wp-block-pages-list__item wp-block-navigation-item open-on-hover-click\"><a class=\"wp-block-pages-list__item__link wp-block-navigation-item__content\" href=\"https:\/\/www.stefanseifert.net\/?page_id=72\">Dienstleistungen<\/a><\/li><li class=\"wp-block-pages-list__item wp-block-navigation-item open-on-hover-click\"><a class=\"wp-block-pages-list__item__link wp-block-navigation-item__content\" href=\"https:\/\/www.stefanseifert.net\/?page_id=95\">Energieberatung<\/a><\/li><li class=\"wp-block-pages-list__item wp-block-navigation-item open-on-hover-click\"><a class=\"wp-block-pages-list__item__link wp-block-navigation-item__content\" href=\"https:\/\/www.stefanseifert.net\/?page_id=92\">Geb\u00e4udetechnik<\/a><\/li><li class=\"wp-block-pages-list__item wp-block-navigation-item open-on-hover-click\"><a class=\"wp-block-pages-list__item__link wp-block-navigation-item__content\" href=\"https:\/\/www.stefanseifert.net\/?page_id=191\">Impressum<\/a><\/li><li class=\"wp-block-pages-list__item wp-block-navigation-item open-on-hover-click\"><a class=\"wp-block-pages-list__item__link wp-block-navigation-item__content\" href=\"https:\/\/www.stefanseifert.net\/?page_id=97\">Nachhaltigkeit<\/a><\/li><li class=\"wp-block-pages-list__item wp-block-navigation-item open-on-hover-click\"><a class=\"wp-block-pages-list__item__link wp-block-navigation-item__content\" href=\"https:\/\/www.stefanseifert.net\/?page_id=99\">Radonschutz<\/a><\/li><li class=\"wp-block-pages-list__item wp-block-navigation-item open-on-hover-click menu-item-home\"><a class=\"wp-block-pages-list__item__link wp-block-navigation-item__content\" href=\"https:\/\/www.stefanseifert.net\/\">Startseite<\/a><\/li><li class=\"wp-block-pages-list__item wp-block-navigation-item open-on-hover-click\"><a class=\"wp-block-pages-list__item__link wp-block-navigation-item__content\" href=\"https:\/\/www.stefanseifert.net\/?page_id=85\">\u00dcber uns<\/a><\/li><\/ul><\/ul>\n\t\t\t\t\t\t\t<\/div>\n\t\t\t\t\t\t<\/div>\n\t\t\t\t\t<\/div>\n\t\t\t\t<\/div><\/nav>\n\n\n<p><\/p>\n","protected":false},"excerpt":{"rendered":"<p>Ihr Partner f\u00fcr effiziente Geb\u00e4udetechnik und nachhaltige Energieberatung Wir planen, beraten und optimieren technische L\u00f6sungen f\u00fcr Geb\u00e4ude jeder Gr\u00f6\u00dfe. Unser Ziel: Energieeffizienz steigern, Betriebskosten senken und den Komfort f\u00fcr Nutzerinnen &#8230;<\/p>\n","protected":false},"author":1,"featured_media":0,"parent":0,"menu_order":0,"comment_status":"closed","ping_status":"closed","template":"template-frontpage.php","meta":{"footnotes":""},"class_list":["post-24","page","type-page","status-publish","hentry"],"_links":{"self":[{"href":"https:\/\/www.stefanseifert.net\/index.php?rest_route=\/wp\/v2\/pages\/24","targetHints":{"allow":["GET"]}}],"collection":[{"href":"https:\/\/www.stefanseifert.net\/index.php?rest_route=\/wp\/v2\/pages"}],"about":[{"href":"https:\/\/www.stefanseifert.net\/index.php?rest_route=\/wp\/v2\/types\/page"}],"author":[{"embeddable":true,"href":"https:\/\/www.stefanseifert.net\/index.php?rest_route=\/wp\/v2\/users\/1"}],"replies":[{"embeddable":true,"href":"https:\/\/www.stefanseifert.net\/index.php?rest_route=%2Fwp%2Fv2%2Fcomments&post=24"}],"version-history":[{"count":22,"href":"https:\/\/www.stefanseifert.net\/index.php?rest_route=\/wp\/v2\/pages\/24\/revisions"}],"predecessor-version":[{"id":78,"href":"https:\/\/www.stefanseifert.net\/index.php?rest_route=\/wp\/v2\/pages\/24\/revisions\/78"}],"wp:attachment":[{"href":"https:\/\/www.stefanseifert.net\/index.php?rest_route=%2Fwp%2Fv2%2Fmedia&parent=24"}],"curies":[{"name":"wp","href":"https:\/\/api.w.org\/{rel}","templated":true}]}}